{"id":329,"date":"2020-10-22T11:27:23","date_gmt":"2020-10-22T11:27:23","guid":{"rendered":"https:\/\/mav-schwalm-eder.de\/?page_id=329"},"modified":"2026-02-09T10:56:22","modified_gmt":"2026-02-09T10:56:22","slug":"schwerbehindertenvertretung","status":"publish","type":"page","link":"https:\/\/mav-schwalm-eder.de\/?page_id=329","title":{"rendered":"Schwerbehindertenvertretung"},"content":{"rendered":"<div id=\"pl-329\"  class=\"panel-layout\" ><div id=\"pg-329-0\"  class=\"panel-grid panel-has-style\" ><div style=\"padding: 100px 0; \" data-overlay=\"true\" data-overlay-color=\"#000000\" class=\"panel-row-style panel-row-style-for-329-0\" ><div id=\"pgc-329-0-0\"  class=\"panel-grid-cell\" ><div id=\"panel-329-0-0-0\" class=\"so-panel widget widget_sow-image panel-first-child panel-last-child\" data-index=\"0\" ><div style=\"text-align: left;\" data-title-color=\"#443f3f\" data-headings-color=\"#443f3f\" class=\"panel-widget-style panel-widget-style-for-329-0-0-0\" ><div\n\t\t\t\n\t\t\tclass=\"so-widget-sow-image so-widget-sow-image-default-8b5b6f678277-329\"\n\t\t\t\n\t\t>\n<div class=\"sow-image-container\">\n\t\t<img \n\tsrc=\"https:\/\/mav-schwalm-eder.de\/wp-content\/uploads\/2026\/02\/SBV-768x1152.jpg\" width=\"768\" height=\"1152\" srcset=\"https:\/\/mav-schwalm-eder.de\/wp-content\/uploads\/2026\/02\/SBV-768x1152.jpg 768w, https:\/\/mav-schwalm-eder.de\/wp-content\/uploads\/2026\/02\/SBV-200x300.jpg 200w, https:\/\/mav-schwalm-eder.de\/wp-content\/uploads\/2026\/02\/SBV-683x1024.jpg 683w, https:\/\/mav-schwalm-eder.de\/wp-content\/uploads\/2026\/02\/SBV-1000x1500.jpg 1000w, https:\/\/mav-schwalm-eder.de\/wp-content\/uploads\/2026\/02\/SBV-230x345.jpg 230w, https:\/\/mav-schwalm-eder.de\/wp-content\/uploads\/2026\/02\/SBV-350x525.jpg 350w, https:\/\/mav-schwalm-eder.de\/wp-content\/uploads\/2026\/02\/SBV-480x720.jpg 480w, https:\/\/mav-schwalm-eder.de\/wp-content\/uploads\/2026\/02\/SBV.jpg 1024w\" sizes=\"(max-width: 768px) 100vw, 768px\" title=\"SBV\" alt=\"\" \t\tclass=\"so-widget-image\"\/>\n\t<\/div>\n\n<\/div><\/div><\/div><\/div><div id=\"pgc-329-0-1\"  class=\"panel-grid-cell\" ><div id=\"panel-329-0-1-0\" class=\"so-panel widget widget_sow-editor panel-first-child panel-last-child\" data-index=\"1\" ><div style=\"text-align: left;\" data-title-color=\"#443f3f\" data-headings-color=\"#443f3f\" class=\"panel-widget-style panel-widget-style-for-329-0-1-0\" ><div\n\t\t\t\n\t\t\tclass=\"so-widget-sow-editor so-widget-sow-editor-base\"\n\t\t\t\n\t\t>\n<div class=\"siteorigin-widget-tinymce textwidget\">\n\t<p data-start=\"665\" data-end=\"777\">Leider ist die Position der Schwerbehindertenvertretung (SBV) bzw. der Vertrauensperson derzeit nicht besetzt. Im Zuge der bevorstehenden MAV-Wahlen besteht die M\u00f6glichkeit, die Schwerbehindertenvertretung neu zu w\u00e4hlen. Engagieren Sie sich f\u00fcr Inklusion und Interessenvertretung!<br \/>\nBei Interesse informieren Sie sich bitte beim Wahlausschuss oder in der Personalabteilung \u00fcber die Wahlmodalit\u00e4ten.<\/p>\n<\/div>\n<\/div><\/div><\/div><\/div><div id=\"pgc-329-0-2\"  class=\"panel-grid-cell\" ><div id=\"panel-329-0-2-0\" class=\"so-panel widget widget_sow-editor panel-first-child panel-last-child\" data-index=\"2\" ><div style=\"text-align: left;\" data-title-color=\"#443f3f\" data-headings-color=\"#443f3f\" class=\"panel-widget-style panel-widget-style-for-329-0-2-0\" ><div\n\t\t\t\n\t\t\tclass=\"so-widget-sow-editor so-widget-sow-editor-base\"\n\t\t\t\n\t\t>\n<div class=\"siteorigin-widget-tinymce textwidget\">\n\t<p>Die Schwerbehindertenvertretung (SBV) hat die Aufgabe, die Eingliederung schwerbehinderter Menschen in den Betrieb oder in der Dienststelle zu f\u00f6rdern. Sie vertritt deren Interessen in dem Betrieb oder in der Dienststelle und steht ihnen beratend und helfend zur Seite. Die Kosten der Arbeit tr\u00e4gt der Arbeitgeber oder Dienstherr. Das Ehrenamt der Schwerbehindertenvertretung ist gesetzlich gesch\u00fctzt.<\/p>\n<\/div>\n<\/div><\/div><\/div><\/div><\/div><\/div><\/div>","protected":false},"excerpt":{"rendered":"<p>Leider ist die Position der Schwerbehindertenvertretung (SBV) bzw. der Vertrauensperson derzeit nicht besetzt. Im Zuge der bevorstehenden MAV-Wahlen besteht die M\u00f6glichkeit, die [&hellip;]<\/p>\n","protected":false},"author":2,"featured_media":0,"parent":0,"menu_order":0,"comment_status":"closed","ping_status":"closed","template":"page-templates\/page_front-page.php","meta":{"footnotes":""},"class_list":["post-329","page","type-page","status-publish","hentry"],"yoast_head":"<!-- This site is optimized with the Yoast SEO plugin v27.3 - https:\/\/yoast.com\/product\/yoast-seo-wordpress\/ -->\n<title>Schwerbehindertenvertretung - MAV - Kirchenkreis Schwalm-Eder<\/title>\n<meta name=\"robots\" content=\"index, follow, max-snippet:-1, max-image-preview:large, max-video-preview:-1\" \/>\n<link rel=\"canonical\" href=\"https:\/\/mav-schwalm-eder.de\/?page_id=329\" \/>\n<meta property=\"og:locale\" content=\"de_DE\" \/>\n<meta property=\"og:type\" content=\"article\" \/>\n<meta property=\"og:title\" content=\"Schwerbehindertenvertretung - MAV - Kirchenkreis Schwalm-Eder\" \/>\n<meta property=\"og:description\" content=\"Leider ist die Position der Schwerbehindertenvertretung (SBV) bzw. der Vertrauensperson derzeit nicht besetzt. Im Zuge der bevorstehenden MAV-Wahlen besteht die M\u00f6glichkeit, die [&hellip;]\" \/>\n<meta property=\"og:url\" content=\"https:\/\/mav-schwalm-eder.de\/?page_id=329\" \/>\n<meta property=\"og:site_name\" content=\"MAV - Kirchenkreis Schwalm-Eder\" \/>\n<meta property=\"article:modified_time\" content=\"2026-02-09T10:56:22+00:00\" \/>\n<meta name=\"twitter:card\" content=\"summary_large_image\" \/>\n<meta name=\"twitter:label1\" content=\"Gesch\u00e4tzte Lesezeit\" \/>\n\t<meta name=\"twitter:data1\" content=\"1\u00a0Minute\" \/>\n<script type=\"application\/ld+json\" class=\"yoast-schema-graph\">{\"@context\":\"https:\\\/\\\/schema.org\",\"@graph\":[{\"@type\":\"WebPage\",\"@id\":\"https:\\\/\\\/mav-schwalm-eder.de\\\/?page_id=329\",\"url\":\"https:\\\/\\\/mav-schwalm-eder.de\\\/?page_id=329\",\"name\":\"Schwerbehindertenvertretung - MAV - Kirchenkreis Schwalm-Eder\",\"isPartOf\":{\"@id\":\"https:\\\/\\\/mav-schwalm-eder.de\\\/#website\"},\"datePublished\":\"2020-10-22T11:27:23+00:00\",\"dateModified\":\"2026-02-09T10:56:22+00:00\",\"breadcrumb\":{\"@id\":\"https:\\\/\\\/mav-schwalm-eder.de\\\/?page_id=329#breadcrumb\"},\"inLanguage\":\"de\",\"potentialAction\":[{\"@type\":\"ReadAction\",\"target\":[\"https:\\\/\\\/mav-schwalm-eder.de\\\/?page_id=329\"]}]},{\"@type\":\"BreadcrumbList\",\"@id\":\"https:\\\/\\\/mav-schwalm-eder.de\\\/?page_id=329#breadcrumb\",\"itemListElement\":[{\"@type\":\"ListItem\",\"position\":1,\"name\":\"Startseite\",\"item\":\"https:\\\/\\\/mav-schwalm-eder.de\\\/\"},{\"@type\":\"ListItem\",\"position\":2,\"name\":\"Schwerbehindertenvertretung\"}]},{\"@type\":\"WebSite\",\"@id\":\"https:\\\/\\\/mav-schwalm-eder.de\\\/#website\",\"url\":\"https:\\\/\\\/mav-schwalm-eder.de\\\/\",\"name\":\"MAV - Kirchenkreis Schwalm-Eder\",\"description\":\"Mitarbeitervertretung\",\"publisher\":{\"@id\":\"https:\\\/\\\/mav-schwalm-eder.de\\\/#organization\"},\"potentialAction\":[{\"@type\":\"SearchAction\",\"target\":{\"@type\":\"EntryPoint\",\"urlTemplate\":\"https:\\\/\\\/mav-schwalm-eder.de\\\/?s={search_term_string}\"},\"query-input\":{\"@type\":\"PropertyValueSpecification\",\"valueRequired\":true,\"valueName\":\"search_term_string\"}}],\"inLanguage\":\"de\"},{\"@type\":\"Organization\",\"@id\":\"https:\\\/\\\/mav-schwalm-eder.de\\\/#organization\",\"name\":\"Mitarbeitervertretung des Kirchenkreises Schwalm-Eder\",\"url\":\"https:\\\/\\\/mav-schwalm-eder.de\\\/\",\"logo\":{\"@type\":\"ImageObject\",\"inLanguage\":\"de\",\"@id\":\"https:\\\/\\\/mav-schwalm-eder.de\\\/#\\\/schema\\\/logo\\\/image\\\/\",\"url\":\"https:\\\/\\\/mav-schwalm-eder.de\\\/wp-content\\\/uploads\\\/2020\\\/10\\\/512.jpg\",\"contentUrl\":\"https:\\\/\\\/mav-schwalm-eder.de\\\/wp-content\\\/uploads\\\/2020\\\/10\\\/512.jpg\",\"width\":512,\"height\":246,\"caption\":\"Mitarbeitervertretung des Kirchenkreises Schwalm-Eder\"},\"image\":{\"@id\":\"https:\\\/\\\/mav-schwalm-eder.de\\\/#\\\/schema\\\/logo\\\/image\\\/\"}}]}<\/script>\n<!-- \/ Yoast SEO plugin. -->","yoast_head_json":{"title":"Schwerbehindertenvertretung - MAV - Kirchenkreis Schwalm-Eder","robots":{"index":"index","follow":"follow","max-snippet":"max-snippet:-1","max-image-preview":"max-image-preview:large","max-video-preview":"max-video-preview:-1"},"canonical":"https:\/\/mav-schwalm-eder.de\/?page_id=329","og_locale":"de_DE","og_type":"article","og_title":"Schwerbehindertenvertretung - MAV - Kirchenkreis Schwalm-Eder","og_description":"Leider ist die Position der Schwerbehindertenvertretung (SBV) bzw. der Vertrauensperson derzeit nicht besetzt. Im Zuge der bevorstehenden MAV-Wahlen besteht die M\u00f6glichkeit, die [&hellip;]","og_url":"https:\/\/mav-schwalm-eder.de\/?page_id=329","og_site_name":"MAV - Kirchenkreis Schwalm-Eder","article_modified_time":"2026-02-09T10:56:22+00:00","twitter_card":"summary_large_image","twitter_misc":{"Gesch\u00e4tzte Lesezeit":"1\u00a0Minute"},"schema":{"@context":"https:\/\/schema.org","@graph":[{"@type":"WebPage","@id":"https:\/\/mav-schwalm-eder.de\/?page_id=329","url":"https:\/\/mav-schwalm-eder.de\/?page_id=329","name":"Schwerbehindertenvertretung - MAV - Kirchenkreis Schwalm-Eder","isPartOf":{"@id":"https:\/\/mav-schwalm-eder.de\/#website"},"datePublished":"2020-10-22T11:27:23+00:00","dateModified":"2026-02-09T10:56:22+00:00","breadcrumb":{"@id":"https:\/\/mav-schwalm-eder.de\/?page_id=329#breadcrumb"},"inLanguage":"de","potentialAction":[{"@type":"ReadAction","target":["https:\/\/mav-schwalm-eder.de\/?page_id=329"]}]},{"@type":"BreadcrumbList","@id":"https:\/\/mav-schwalm-eder.de\/?page_id=329#breadcrumb","itemListElement":[{"@type":"ListItem","position":1,"name":"Startseite","item":"https:\/\/mav-schwalm-eder.de\/"},{"@type":"ListItem","position":2,"name":"Schwerbehindertenvertretung"}]},{"@type":"WebSite","@id":"https:\/\/mav-schwalm-eder.de\/#website","url":"https:\/\/mav-schwalm-eder.de\/","name":"MAV - Kirchenkreis Schwalm-Eder","description":"Mitarbeitervertretung","publisher":{"@id":"https:\/\/mav-schwalm-eder.de\/#organization"},"potentialAction":[{"@type":"SearchAction","target":{"@type":"EntryPoint","urlTemplate":"https:\/\/mav-schwalm-eder.de\/?s={search_term_string}"},"query-input":{"@type":"PropertyValueSpecification","valueRequired":true,"valueName":"search_term_string"}}],"inLanguage":"de"},{"@type":"Organization","@id":"https:\/\/mav-schwalm-eder.de\/#organization","name":"Mitarbeitervertretung des Kirchenkreises Schwalm-Eder","url":"https:\/\/mav-schwalm-eder.de\/","logo":{"@type":"ImageObject","inLanguage":"de","@id":"https:\/\/mav-schwalm-eder.de\/#\/schema\/logo\/image\/","url":"https:\/\/mav-schwalm-eder.de\/wp-content\/uploads\/2020\/10\/512.jpg","contentUrl":"https:\/\/mav-schwalm-eder.de\/wp-content\/uploads\/2020\/10\/512.jpg","width":512,"height":246,"caption":"Mitarbeitervertretung des Kirchenkreises Schwalm-Eder"},"image":{"@id":"https:\/\/mav-schwalm-eder.de\/#\/schema\/logo\/image\/"}}]}},"_links":{"self":[{"href":"https:\/\/mav-schwalm-eder.de\/index.php?rest_route=\/wp\/v2\/pages\/329","targetHints":{"allow":["GET"]}}],"collection":[{"href":"https:\/\/mav-schwalm-eder.de\/index.php?rest_route=\/wp\/v2\/pages"}],"about":[{"href":"https:\/\/mav-schwalm-eder.de\/index.php?rest_route=\/wp\/v2\/types\/page"}],"author":[{"embeddable":true,"href":"https:\/\/mav-schwalm-eder.de\/index.php?rest_route=\/wp\/v2\/users\/2"}],"replies":[{"embeddable":true,"href":"https:\/\/mav-schwalm-eder.de\/index.php?rest_route=%2Fwp%2Fv2%2Fcomments&post=329"}],"version-history":[{"count":17,"href":"https:\/\/mav-schwalm-eder.de\/index.php?rest_route=\/wp\/v2\/pages\/329\/revisions"}],"predecessor-version":[{"id":1883,"href":"https:\/\/mav-schwalm-eder.de\/index.php?rest_route=\/wp\/v2\/pages\/329\/revisions\/1883"}],"wp:attachment":[{"href":"https:\/\/mav-schwalm-eder.de\/index.php?rest_route=%2Fwp%2Fv2%2Fmedia&parent=329"}],"curies":[{"name":"wp","href":"https:\/\/api.w.org\/{rel}","templated":true}]}}